common divisor of m and p.
13
Suppose 2*i = -4*b + 6 - 26, 3*i - 3*b = -12. Let r be 64 + 8/12*i. What is the highest common factor of 24 and r?
12
Suppose 10*q - 5*q = 1000. Let w be (4/(-5))/(10/q). Let z be (180/w)/((-18)/48). Calculate the highest common divisor of 6 and z.
6
Suppose f + 5 = 5*f + 5*u, 5*u = -15. Suppose -21*m = -f*m - 32. Calculate the highest common divisor of 76 and m.
2
Let d = -128 + 122. Let w be 764/d*(-27)/18. Suppose -3*n + 2*v = -w, 4*n - 7*v + 3*v - 256 = 0. Calculate the highest common factor of 7 and n.
7
Suppose 10274*y = 10390*y - 777084. Calculate the highest common factor of 105 and y.
21
Let c = 138 - 130. Suppose 12*l = c*l + 1692. What is the highest common divisor of l and 47?
47
Let z be (-9 + 12)/(126/128 - 1). Let k = z + 240. What is the highest common factor of k and 8?
8
Suppose -3*r + 23 = 5. Let d be 17 - (-2 + -2) - r. Calculate the highest common divisor of 285 and d.
15
Let i(a) = a**2 - 5*a - 65. Let w be i(-6). Suppose 14*t - 56 - 42 = 0. What is the greatest common factor of t and w?
1
Let u be 520/100 - ((-8)/10 + 1). Suppose -u*w - 19 = 26. Let f(a) = a**3 + 11*a**2 + 19*a + 21. Let n be f(w). What is the highest common divisor of 120 and n?
12
Suppose -5*b + 4*b = -3*q - 20, 0 = 3*b - 4*q - 40. Suppose 0 = -4*h - b, -5*y + h = -0*y - 102. Calculate the greatest common factor of y and 35.
5
Let o(n) = 4*n**2 - 3*n - 67. Let h be o(7). What is the greatest common factor of 204 and h?
12
Suppose -3*d = -6, 0 = -u - d - 6 + 30. Suppose -41*r - 4 = -43*r. Suppose -1 + 5 = r*y. What is the highest common divisor of y and u?
2
Let g be (7*17)/(2/2). Suppose 6038 = 36*w + 21698. Let n = 452 + w. Calculate the greatest common divisor of n and g.
17
Suppose 3*g = 2*z + 10005, -5*g - 2*z = 7988 - 24647. What is the highest common factor of 33 and g?
33
Let d = 155 + -155. Let w be 101616/783 + 4/18 + d. Suppose 0 = -2*l - 3*g + 64, l + 5*g - 150 = -4*l. What is the greatest common divisor of w and l?
26
Let n be 12/2 + 2584966/173. Calculate the highest common factor of 148 and n.
148
Let x = 12615 + -11879. What is the greatest common factor of x and 1334?
46
Let a = 73 - 36. Let l = a + -41. Let r(g) = 2*g**2 + 4*g - 8. Let k be r(l). Calculate the highest common factor of 12 and k.
4
Let s = 59 - 59. Suppose 2*a + w - 1 = -0*a, s = 5*w - 25. Let r = a + 24. What is the highest common factor of 55 and r?
11
Suppose 2*x + 3938 = 54*x - 1210. Let m(c) = c**3 - 5*c**2 - 5*c - 9. Let n be m(7). Calculate the greatest common factor of n and x.
9
Suppose -2*r = -4*l - 28, 4*r = -4*l + 6*l + 26. Let c be (27/30 - r/10)*98. Suppose 0 = o - 284 - 157. What is the highest common factor of o and c?
49
Let s(c) = 89*c**2 + 97*c + 96. Let m be s(-1). Calculate the greatest common factor of 418 and m.
22
Suppose -11*w = -482 - 46. Suppose 5*g = -j + 455, -2*j + 2*g - 7*g + 925 = 0. Suppose -250 = -6*v + j. What is the highest common factor of w and v?
24
Suppose -3*x = t - 27, -t + 9 = x - 0. Let o be (18/(-4))/(x/(-48)). Calculate the highest common divisor of 3 and o.
3
Let p(d) = d + 18. Suppose -9 = 4*x + 31. Let m be p(x). Let c be ((-42)/m)/((-15)/20). Calculate the highest common factor of 77 and c.
7
Let l = 19 + -19. Suppose 7*r + 4*r - 22 = l. Suppose -8*k + 540 = -r*k. Calculate the greatest common divisor of k and 10.
10
Suppose -5*j - 4*r = 3374, 3*j - 3*r + 2020 = -r. Let c = j + 1279. Calculate the greatest common factor of c and 55.
55
Let z(r) = -9*r + 17. Let y(i) = 27*i - 48. Let d(q) = -4*y(q) - 11*z(q). Let l be d(0). Let c = -9 - -19. Calculate the greatest common factor of c and l.
5
Suppose 3*r + 0*h + 35 = -h, 0 = r - 2*h. Let s = r + 11. Let c(g) = 8*g**2 - 5*g + 4. Let l be c(s). What is the highest common factor of l and 28?
7
Suppose -3*s + 7*s - 2041 = -o, 2*o = 2. Suppose 2*f = -s + 514. What is the greatest common factor of f and 1?
1
Let h be (-2)/6 - 71100/(-108). What is the highest common factor of h and 7?
7
Let z = -122 - -194. Suppose -3*x + 4*s = -54, 0 = 5*x - 8*x + 2*s + 54. What is the greatest common factor of z and x?
18
Suppose -y + 3*y = 88. Let l = 1793 - 1441. Calculate the greatest common factor of y and l.
44
Let h(n) = n**2 + 22*n + 26. Let o be h(-21). Suppose -3*j - 47 = -2*d, d - 32 + o = -2*j. Let f = 65 - d. Calculate the greatest common divisor of f and 100.
20
Suppose -408*n - 52 = -395*n. Let z be 4/4 + n/((-24)/5502). Calculate the highest common factor of z and 54.
54
Let j be (12454/(-65) + 6)*((-62)/4 - 2). What is the greatest common divisor of j and 1344?
112
Suppose -5*t + 605 = 3*f, f + 8*t - 195 = 5*t. What is the highest common factor of f and 4305?
105
Suppose -2*d + 70 = 3*d. Let r be 3072/20 + 4/10*1. Calculate the highest common divisor of r and d.
14
Let d = -20 + 40. Let f(b) = -4*b + 0*b + d + 16 + 3*b. Let v be f(6). What is the greatest common divisor of v and 15?
15
Suppose -4*l - 42 + 330 = 0. Suppose 6*z + l = 10*z. Suppose -5*y - 4*b - 56 = -134, y - 33 = 5*b. What is the greatest common divisor of y and z?
18
Let m = -183 + 345. Let s(b) = 199*b**2 - 391*b + 4. Let t be s(2). What is the greatest common factor of t and m?
18
Suppose -3*g - 98*f + 399 = -101*f, -2*f + 148 = g. Suppose 10*z - 155 - 305 = 0. What is the highest common divisor of g and z?
46
Let y be (-1)/(14/(-4)) + (-6080)/(-133). Let k = -885 + 889. Calculate the highest common factor of y and k.
2
Let h(m) = 58*m - 2. Let b be h(1). Suppose 14*n + 170 = o + 15*n, -n + 338 = 2*o. What is the highest common factor of o and b?
56
Let v(m) = 4*m**2 - 33*m - 32. Suppose 35 = t + 5*a, -3*t = t - a - 35. Let p be v(t). What is the greatest common divisor of p and 266?
38
Let x be -12*4/8 + 6. Let l be 97 + x - (-1 + 5). Calculate the greatest common divisor of 31 and l.
31
Let m = 196 - 93. Suppose 5*i - m = -3*s, -4*i + s + 0*s + 79 = 0. Let r be -1*(-2464)/248 - (-2)/31. Calculate the greatest common factor of i and r.
10
Let k(d) = -982*d - 218. Let v be k(-3). What is the highest common factor of v and 88?
88
Let o = -13552 + 13582. Let t be (45/2)/(1/2). Calculate the greatest common divisor of o and t.
15
Let p(k) = 89*k**2 - 403*k + 403. Let l be p(1). Calculate the greatest common divisor of l and 4361.
89
Let u = -10733 + 10831. Calculate the greatest common factor of 2107 and u.
49
Let m(j) = j**2 + 18*j + 92. Let f be m(-7). Suppose -4*p + d + 815 = -684, -2*p = 4*d - 754. What is the greatest common divisor of p and f?
15
Let s be (-22)/(-4) - (-1)/(-2) - (194 - 195). What is the highest common divisor of 27 and s?
3
Suppose 5*z = 3*x + 166 - 717, -z = 2*x - 376. Calculate the greatest common factor of 2057 and x.
187
Suppose -4*d + 592 = 4*k, -3*k - 2*d + 84 = -361. Calculate the highest common factor of k and 3725.
149
Suppose 0 = -39*h + 224905 - 22456. What is the highest common factor of h and 179?
179
Let l(k) = -4*k**2 + 49*k + 9. Let b be l(12). Let s = 77 + 91. Calculate the greatest common factor of s and b.
21
Let h = 4654 - 4592. Calculate the highest common factor of 2 and h.
2
Let u(l) = 56*l**3 - 20*l**2 + 18*l + 26. Let s be u(4). What is the highest common factor of s and 82?
82
Let z be -366*(2/(-3) - -1)/(-1). Let v = z + 143. Suppose 0 = -4*k - 4*g + 516, 0 = -0*k - 2*k + 5*g + v. Calculate the highest common divisor of 10 and k.
10
Suppose -14 = 5*a + 1. Let q(p) = 4*p + 31. Let n(s) = -2*s - 16. Let w(h) = a*q(h) - 5*n(h). Let x be w(-8). What is the greatest common divisor of 24 and x?
3
Let v(z) = 5*z + 158. Let f = 177 - 190. Let l be v(f). What is the highest common divisor of 124 and l?
31
Suppose -4*t = -2*f - 12, 6*f - 8*f + 3*t = 4. What is the greatest common factor of 22660 and f?
10
Let m be 1056 - (-7 - -313)/17. Calculate the highest common divisor of m and 6574.
346
Let n = -215645 - -215660. Let w be (5 - -1)/(3/20). Let t = 35 + w. Calculate the highest common divisor of n and t.
15
Let r(m) = m**2 + m + 132. Let z be r(0). Let c = -2378 + 1451. Let a = -915 - c. What is the highest common factor of z and a?
12
Let f(n) = -18*n - 15. Let s be f(-1). Suppose -4*u + r + 599 - 151 = 0, -5*r = s*u - 336. What is the highest common divisor of u and 84?
28
Let f = -284 + 280. Let b be f/(-3) - (1360/(-15) + 2). What i